t the prime factors of 133540903.
157, 293, 2903
List the prime factors of 246815160.
2, 3, 5, 37, 55589
What are the prime factors of 2266505891?
13, 10831, 16097
What are the prime factors of 122751672?
2, 3, 5114653
List the prime factors of 977789629.
17, 3739, 15383
What are the prime factors of 1589632719?
3, 17, 151, 206419
What are the prime factors of 351327604?
2, 87831901
What are the prime factors of 1919338253?
7, 6829, 40151
What are the prime factors of 121915942?
2, 17, 29, 61, 2027
List the prime factors of 47468945.
5, 83, 107, 1069
List the prime factors of 26515522.
2, 11, 1205251
What are the prime factors of 94482635?
5, 13, 83, 211
What are the prime factors of 6379967269?
13, 19, 367, 70381
List the prime factors of 1863804227.
31, 60122717
What are the prime factors of 1169985470?
2, 5, 116998547
List the prime factors of 2510849532.
2, 3, 209237461
What are the prime factors of 407205469?
11, 3593, 10303
List the prime factors of 666420013.
7, 167, 570077
List the prime factors of 437129987.
7, 41, 1523101
List the prime factors of 862159676.
2, 7, 29, 1061773
List the prime factors of 5645177101.
409, 839, 16451
What are the prime factors of 923904911?
37, 24970403
List the prime factors of 29433348.
2, 3, 7, 38933
What are the prime factors of 1226429036?
2, 7, 409, 15299
List the prime factors of 3192365079.
3, 354707231
List the prime factors of 219725532.
2, 3, 13, 23, 137, 149
List the prime factors of 546651360.
2, 3, 5, 41, 47, 197
What are the prime factors of 50719231?
29, 43, 89, 457
What are the prime factors of 930633952?
2, 1997, 14563
List the prime factors of 3478558778.
2, 23, 113, 467, 1433
What are the prime factors of 1017847103?
7, 13, 17, 73, 9013
What are the prime factors of 574658652?
2, 3, 97, 493693
What are the prime factors of 449623470?
2, 3, 5, 14987449
What are the prime factors of 1097659481?
137, 8012113
What are the prime factors of 52624364?
2, 13, 1012007
List the prime factors of 1678232852.
2, 419558213
List the prime factors of 634085902.
2, 1069, 296579
List the prime factors of 273634148.
2, 31, 349, 6323
What are the prime factors of 3307349111?
11, 31, 641, 15131
List the prime factors of 48687631.
1657, 29383
List the prime factors of 63085656.
2, 3, 47, 55927
List the prime factors of 16843169.
7, 41, 58687
List the prime factors of 61957638.
2, 3, 3442091
What are the prime factors of 47858281?
17, 389, 7237
What are the prime factors of 370344800?
2, 5, 7, 41, 1613
List the prime factors of 122716218.
2, 3, 20452703
List the prime factors of 6334057.
61, 103837
List the prime factors of 168256453.
1049, 160397
List the prime factors of 1206851356.
2, 29, 10403891
What are the prime factors of 6832626591?
3, 7, 46480453
What are the prime factors of 1776194212?
2, 13, 103, 401, 827
List the prime factors of 1862066508.
2, 3, 17, 9127777
List the prime factors of 268509724.
2, 7, 29, 31, 10667
What are the prime factors of 2604270397?
19, 163, 193, 4357
What are the prime factors of 13882383?
3, 1542487
What are the prime factors of 1288396?
2, 17, 18947
What are the prime factors of 44477673?
3, 101, 181, 811
What are the prime factors of 11006298?
2, 3, 53, 83, 139
List the prime factors of 471720788.
2, 7, 11, 1531561
List the prime factors of 263488845.
3, 5, 17565923
List the prime factors of 1552811969.
4567, 340007
What are the prime factors of 1186945844?
2, 7, 42390923
What are the prime factors of 226409084?
2, 11, 5145661
List the prime factors of 420416280.
2, 3, 5, 1167823
List the prime factors of 945199262.
2, 7, 29, 37, 62921
List the prime factors of 377006944.
2, 809, 14563
List the prime factors of 53874808.
2, 13, 29, 17863
List the prime factors of 2099288477.
11, 13, 2659, 5521
What are the prime factors of 229868630?
2, 5, 1613, 14251
What are the prime factors of 640985306?
2, 13, 17, 311, 4663
List the prime factors of 35383498.
2, 683, 25903
What are the prime factors of 55861224?
2, 3, 2327551
List the prime factors of 4573566170.
2, 5, 457356617
What are the prime factors of 2565370866?
2, 3, 1373, 311407
What are the prime factors of 910171797?
3, 303390599
What are the prime factors of 4320018898?
2, 13, 67, 190763
What are the prime factors of 60071155?
5, 1597, 7523
List the prime factors of 69124930.
2, 5, 7, 269, 3671
List the prime factors of 25117622.
2, 12558811
What are the prime factors of 333403194?
2, 3, 127, 197, 2221
What are the prime factors of 368639151?
3, 2351, 52267
What are the prime factors of 170325274?
2, 7, 47, 36979
List the prime factors of 81919257.
3, 7, 43, 83, 1093
List the prime factors of 23179773.
3, 1657, 4663
What are the prime factors of 948741558?
2, 3, 41, 1217, 3169
What are the prime factors of 769596808?
2, 96199601
What are the prime factors of 1743028262?
2, 871514131
What are the prime factors of 215267567?
47, 157, 29173
What are the prime factors of 83456390?
2, 5, 79, 149, 709
What are the prime factors of 695013117?
3, 231671039
What are the prime factors of 1473194016?
2, 3, 7, 104393
List the prime factors of 358143076.
2, 4597, 19477
List the prime factors of 563648032.
2, 2791, 6311
List the prime factors of 23500247.
23500247
List the prime factors of 62685610.
2, 5, 13, 383, 1259
List the prime factors of 17467558.
2, 41, 213019
What are the prime factors of 1017653685?
3, 5, 67843579
List the prime factors of 520669085.
5, 53, 1964789
List the prime factors of 208567127.
208567127
What are the prime factors of 111411131?
13, 127, 67481
List the prime factors of 48571613.
409, 118757
What are the prime factors of 52150661?
52150661
List the prime factors of 949179812.
2, 7, 1171, 28949
What are the prime factors of 93368908?
2, 37, 630871
What are the prime factors of 205423365?
3, 5, 7, 191, 10243
What are the prime factors of 5787629961?
3, 47, 397, 103393
What are the prime factors of 948133944?
2, 3, 4389509
List the prime factors of 107089913.
7, 1061, 14419
List the prime factors of 1433263766.
2, 11, 1723, 37811
What are the prime factors of 380836930?
2, 5, 37, 1029289
What are the prime factors of 23830278?
2, 3, 3971713
List the prime factors of 448378202.
2, 224189101
List the prime factors of 429481313.
53, 8103421
What are the prime factors of 260305955?
5, 7, 13, 17, 73, 461
List the prime factors of 296121177.
3, 11, 43, 59, 131
What are the prime factors of 6741586766?
2, 67, 1607, 31307
What are the prime factors of 1009944730?
2, 5, 100994473
What are the prime factors of 12562010?
2, 5, 1256201
What are the prime factors of 23565585?
3, 5, 113, 13903
List the prime factors of 137836701.
3, 5105063
List the prime factors of 902824736.
2, 11, 2564843
What are the prime factors of 1492975511?
1492975511
List the prime factors of 39130673.
97, 109, 3701
List the prime factors of 447873162.
2, 3, 11, 229, 29633
List the prime factors of 1733224288.
2, 1229, 44071
What are the prime factors of 106138649?
106138649
List the prime factors of 513383257.
513383257
List the prime factors of 46438385.
5, 7, 61, 21751
List the prime factors of 136010393.
97, 1402169
What are the prime factors of 535380615?
3, 5, 7, 11, 22073
What are the prime factors of 973594999?
13, 151, 495973
What are the prime factors of 63952190?
2, 5, 23, 101, 2753
List the prime factors of 175363591.
13, 53, 254519
What are the prime factors of 15293690?
2, 5, 1529369
What are the prime factors of 2222556921?
3, 13, 2221, 2851
What are the prime factors of 547139466?
2, 3, 19, 1599823
List the prime factors of 7669452244.
2, 59, 1301, 24979
What are the prime factors of 3288681980?
2, 5, 164434099
List the prime factors of 409852128.
2, 3, 7, 29, 21031
What are the prime factors of 3412988067?
3, 1137662689
What are the prime factors of 222745779?
3, 2851, 8681
What are the prime factors of 10729328?
2, 670583
What are the prime factors of 146610224?
2, 9163139
What are the prime factors of 287122744?
2, 31, 283, 4091
List the prime factors of 212995663.
23, 9260681
List the prime factors of 237421757.
237421757
What are the prime factors of 37427231?
37427231
List the prime factors of 451425395.
5, 17, 43, 113, 1093
List the prime factors of 71350288.
2, 1051, 4243
What are the prime factors of 65789057